What is the hundred thousands digit of 587914?
5
What is the hundred thousands digit of 1940277?
9
What is the hundreds digit of 760128?
1
What is the hundred thousands digit of 149150?
1
What is the millions digit of 18658774?
8
What is the tens digit of 13048773?
7
What is the hundred thousands digit of 3801010?
8
What is the hundreds digit of 752311?
3
What is the hundreds digit of 22861?
8
What is the thousands digit of 705996?
5
What is the millions digit of 1292640?
1
What is the ten millions digit of 26257772?
2
What is the tens digit of 101871?
7
What is the thousands digit of 4120888?
0
What is the ten thousands digit of 1824488?
2
What is the millions digit of 1070388?
1
What is the thousands digit of 4968583?
8
What is the units digit of 235203?
3
What is the hundred thousands digit of 415673?
4
What is the thousands digit of 12745091?
5
What is the thousands digit of 3199183?
9
What is the thousands digit of 37421437?
1
What is the ten thousands digit of 36682?
3
What is the hundred thousands digit of 297529?
2
What is the thousands digit of 244075?
4
What is the tens digit of 999093?
9
What is the hundred thousands digit of 237688?
2
What is the tens digit of 38719?
1
What is the hundred thousands digit of 204977?
2
What is the thousands digit of 8391?
8
What is the tens digit of 1449217?
1
What is the ten thousands digit of 99182?
9
What is the thousands digit of 4541435?
1
What is the units digit of 70802?
2
What is the tens digit of 817175?
7
What is the hundred thousands digit of 22549512?
5
What is the units digit of 159168?
8
What is the tens digit of 372312?
1
What is the hundred thousands digit of 1222062?
2
What is the hundreds digit of 2545873?
8
What is the hundreds digit of 252211?
2
What is the ten thousands digit of 69737?
6
What is the thousands digit of 113997?
3
What is the units digit of 2683774?
4
What is the tens digit of 1884041?
4
What is the hundreds digit of 6986186?
1
What is the thousands digit of 20967693?
7
What is the hundreds digit of 1227542?
5
What is the thousands digit of 4356422?
6
What is the ten millions digit of 11634670?
1
What is the millions digit of 2127242?
2
What is the hundred thousands digit of 871947?
8
What is the ten thousands digit of 944144?
4
What is the units digit of 135637?
7
What is the hundreds digit of 1558?
5
What is the units digit of 391935?
5
What is the millions digit of 11672292?
1
What is the hundred thousands digit of 7366031?
3
What is the thousands digit of 625405?
5
What is the tens digit of 10728198?
9
What is the hundred thousands digit of 6923930?
9
What is the hundred thousands digit of 7759311?
7
What is the millions digit of 1444275?
1
What is the tens digit of 42777772?
7
What is the units digit of 219480?
0
What is the units digit of 323804?
4
What is the hundreds digit of 371203?
2
What is the hundreds digit of 13821159?
1
What is the hundreds digit of 28849376?
3
What is the hundred thousands digit of 3431076?
4
What is the thousands digit of 227428?
7
What is the tens digit of 934807?
0
What is the units digit of 8993277?
7
What is the millions digit of 3335211?
3
What is the ten millions digit of 12646999?
1
What is the hundred thousands digit of 935259?
9
What is the thousands digit of 1540?
1
What is the thousands digit of 567951?
7
What is the thousands digit of 751642?
1
What is the hundreds digit of 794338?
3
What is the hundred thousands digit of 4638163?
6
What is the hundreds digit of 255270?
2
What is the hundreds digit of 350494?
4
What is the units digit of 3119336?
6
What is the millions digit of 11457669?
1
What is the units digit of 2541622?
2
What is the tens digit of 62970?
7
What is the hundreds digit of 17921436?
4
What is the hundred thousands digit of 1807643?
8
What is the thousands digit of 3388144?
8
What is the tens digit of 3860639?
3
What is the thousands digit of 623004?
3
What is the hundreds digit of 10591?
5
What is the ten thousands digit of 2496337?
9
What is the hundreds digit of 55345?
3
What is the thousands digit of 16197705?
7
What is the thousands digit of 88432?
8
What is the millions digit of 5376746?
5
What is the units digit of 4006670?
0
What is the units digit of 9052554?
4
What is the hundred thousands digit of 5445841?
4
What is the hundreds digit of 9662369?
3
What is the hundreds digit of 10034139?
1
What is the units digit of 529105?
5
What is the tens digit of 13702990?
9
What is the hundreds digit of 11355278?
2
What is the hundreds digit of 1490173?
1
What is the hundreds digit of 1852522?
5
What is the hundreds digit of 552812?
8
What is the millions digit of 2134476?
2
What is the millions digit of 4823142?
4
What is the tens digit of 828023?
2
What is the hundreds digit of 88599?
5
What is the thousands digit of 15413955?
3
What is the hundred thousands digit of 21659388?
6
What is the thousands digit of 25186?
5
What is the hundred thousands digit of 7564459?
5
What is the hundred thousands digit of 5191821?
1
What is the millions digit of 4441336?
4
What is the millions digit of 1290884?
1
What is the units digit of 687141?
1
What is the thousands digit of 202734?
2
What is the units digit of 3339081?
1
What is the tens digit of 232233?
3
What is the hundred thousands digit of 1649852?
6
What is the hundred thousands digit of 1162601?
1
What is the tens digit of 10682079?
7
What is the thousands digit of 20683433?
3
What is the tens digit of 18569209?
0
What is the tens digit of 254175?
7
What is the thousands digit of 655037?
5
What is the units digit of 1235023?
3
What is the units digit of 441582?
2
What is the units digit of 6085767?
7
What is the ten thousands digit of 7416477?
1
What is the ten thousands digit of 754579?
5
What is the millions digit of 20492177?
0
What is the ten thousands digit of 176004?
7
What is the hundreds digit of 8293?
2
What is the thousands digit of 7273389?
3
What is the hundreds digit of 180523?
5
What is the millions digit of 25937891?
5
What is the thousands digit of 4823?
4
What is the thousands digit of 667954?
7
What is the thousands digit of 258460?
8
What is the units digit of 3591799?
9
What is the tens digit of 21805128?
2
What is the tens digit of 3214803?
0
What is the hundred thousands digit of 155560?
1
What is the tens digit of 14123237?
3
What is the hundreds digit of 1571658?
6
What is the units digit of 503095?
5
What is the ten thousands digit of 2013604?
1
What is the units digit of 8188216?
6
What is the thousands digit of 1492378?
2
What is the tens digit of 8045869?
6
What is the thousands digit of 1505779?
5
What is the tens digit of 10522985?
8
What is the ten thousands digit of 6459573?
5
What is the hundreds digit of 7585166?
1
What is the hundreds digit of 152414?
4
What is the thousands digit of 1507203?
7
What is the hundreds digit of 5987514?
5
What is the millions digit of 7925737?
7
What is the ten millions digit of 21238918?
2
What is the tens digit of 6806151?
5
What is the hundreds digit of 168190?
1
What is the hundreds digit of 647334?
3
What is the tens digit of 11901776?
7
What is the hundreds digit of 35645511?
5
What is the thousands digit of 1579945?
9
What is the thousands digit of 3004147?
4
What is the ten thousands digit of 3628164?
2
What is the hundred thousands digit of 693480?
6
What is the thousands digit of 841780?
1
What is the millions digit of 6309481?
6
What is the hundred thousands digit of 606983?
6
What is the hundreds digit of 97084?
0
What is the units digit of 8646448?
8
What is the ten thousands digit of 5380910?
8
What is the tens digit of 157448?
4
What is the ten thousands digit of 378881?
7
What is the units digit of 1509082?
2
What is the hundreds digit of 967957?
9
What is the units digit of 1562221?
1
What is the hundreds digit of 8177683?
6
What is the hundreds digit of 8452204?
2
What is the units digit of 52857?
7
What is the hundred thousands digit of 352557?
3
What is the units digit of 118548?
8
What is the units digit of 989396?
6
What is the units digit of 80968?
8
What is the tens digit of 122113?
1
What is the thousands digit of 3021970?
1
What is the ten thousands digit of 36994?
3
What is the hundreds digit of 1663423?
4
What is the hundred thousands digit of 985397?
9
What i